4*x = -5*n + 253. Let d = n - y. What are the prime factors of d?
19
Let s = 25 + -23. Suppose 4*y = s*y + 20. What are the prime factors of (0 - y)/((-7)/49)?
2, 5, 7
Suppose -110*o = -183*o + 1415105. List the prime factors of o.
5, 3877
Suppose 5*r = 10, -m - 129 = -0*m - r. Let i be 3/66*-4 - (-3544)/11. Let n = i + m. List the prime factors of n.
3, 5, 13
What are the prime factors of 20/5*(16 - (-6212)/8)?
2, 5, 317
Suppose s - 2081 = -3*y, -6*s + 8404 = -2*s - 4*y. Let w = s + -1481. List the prime factors of w.
3, 5, 41
Let a be (-4 - 0)*-12*15/360. Let m(n) = 2*n + 51*n**2 - n + 3 - 9. What are the prime factors of m(a)?
2, 5
Let x = 310 + -125. Let a = x + -108. What are the prime factors of 5*(2/11 - (-1603)/a)?
3, 5, 7
Let o(k) = 7*k - 2. Let s be o(1). Suppose 6*m - s = 319. Suppose -3*d + 5*d - m = 0. What are the prime factors of d?
3
Let t(o) = 3*o**2 + 4*o + 8. Let a be t(-9). Suppose 3*d + h = 617 + a, -4*h = 2*d - 548. Let i = d - 157. List the prime factors of i.
11
List the prime factors of (13*(-2)/(-78))/(1/40554).
2, 3, 751
Let m = -23694 - -60997. List the prime factors of m.
7, 73
Suppose 0 = -1182*j + 1212*j + 10080. Let v = -1 - 1. What are the prime factors of (j/(-36))/(v/(-18))?
2, 3, 7
Suppose -2*n - 60 = -64. Suppose -c + 529 = -4*m, 3*m - 11 = -n. List the prime factors of c.
541
Let o(u) = u**3 + 11*u**2 - u - 10. Let s be o(-11). Let v be ((-6)/(-6*2))/(s/444). Suppose -3*c + v = 3*h, h = c + 54 + 18. What are the prime factors of h?
73
Suppose 0 = 40*l - 43*l + 2*z + 31310, 5*z = -4*l + 41716. What are the prime factors of l?
2, 3, 37, 47
Suppose 0 = -19*y + 5150 + 14306. Suppose -3*b + 9*l - 5*l + 1040 = 0, -4*l = 3*b - y. What are the prime factors of b?
2, 43
Let y(p) = -p**3 - 12*p**2 - 9*p - 99. Let o be y(-12). Suppose 0 = -o*n - 235 + 955. What are the prime factors of n?
2, 5
Let p = -41584 - -114813. What are the prime factors of p?
13, 43, 131
Let h = 64 - 313. Let a = 609 + h. What are the prime factors of a?
2, 3, 5
Suppose 19*x + 2*o - 42 = 14*x, -o = -5*x + 54. What are the prime factors of (-176)/x*(-30)/4?
2, 3, 11
Suppose -11*v = -12*v + 17. Suppose 11 = -6*m + v. What are the prime factors of 4/5*(m - -44)?
2, 3
Let b(m) = -4*m + 43. Let q be b(9). Suppose 11109 = q*c + 14*c. List the prime factors of c.
23
Let g = 15 + -12. Suppose -4*m + 2*c = -g*m - 451, -4*m + 1819 = -3*c. What are the prime factors of m?
457
Suppose 2*y + 3*f = 102989, y - f = 7372 + 44120. List the prime factors of y.
13, 17, 233
Let f = -27949 - -47021. What are the prime factors of f?
2, 149
Suppose -15*y = -19*y + 2040. Suppose j - 69 = -u, 159 - y = -5*u - 2*j. List the prime factors of u.
71
Suppose -20*m - 92 = -43*m. What are the prime factors of ((-80)/50)/(m/890*-1)?
2, 89
Let v(i) be the second derivative of -16*i - 4*i**2 + 0 - 3/2*i**3. What are the prime factors of v(-13)?
109
Suppose 0 = -33*z + 29*z + 220. Suppose -59*n + z*n + 128 = 0. What are the prime factors of n?
2
Suppose -c + 102 - 111 = 0. List the prime factors of c/(-3) + (403 - -16).
2, 211
Let m be -5 + -6*(-2)/6. Let l = m + -6. What are the prime factors of (l/(-12))/(2/48)?
2, 3
Suppose -2*d = 4*q - 2 - 0, 0 = -5*d - 5*q + 10. Suppose 2*o - 4*o = -4. Suppose o*j + 76 = l, 187 = l + l + d*j. What are the prime factors of l?
2, 43
What are the prime factors of (-157417)/(-19) + -4 - (5 + (-465)/95)?
7, 13
Suppose 17*x - 5768 = 7900. Let g = 888 - x. What are the prime factors of g?
2, 3, 7
Let w(a) = -2*a + 20. Let c be w(6). Let t = -14 + c. What are the prime factors of (-60)/(-180) - (322/t - -1)?
53
Suppose 0 = 7*y - 16*y - 27. Let d(i) = -4*i - 7. Let r be d(y). Suppose -3*k = 2*m - 151, -m - 66 = r*k - 320. What are the prime factors of k?
3, 17
Let q be (-3)/((-3)/9*(-1)/(-4)). Let o = q + -21. Let p = 22 - o. List the prime factors of p.
7
Let y(k) = -k**2 + 20*k - 48. Let d be y(3). List the prime factors of (2 - d)/(-3)*(-8451)/(-9).
313
Let g(c) be the first derivative of 17*c**5/120 - 17*c**4/24 + 16*c**3/3 + 16. Let x(f) be the third derivative of g(f). What are the prime factors of x(10)?
3, 17
Suppose u = 3*l - 6182, 5*u - 415 + 8654 = 4*l. Let w = l - 1371. What are the prime factors of w?
2, 3, 5, 23
Suppose -p + 5*x = 1170, x - 5826 = 113*p - 108*p. Let i = 1990 + p. What are the prime factors of i?
3, 5, 11
Suppose -85*b = -220070 - 254252 - 182133. What are the prime factors of b?
7723
Let f(c) = 9*c**2 + 11*c - 1. Let w be (4/8 - (-27)/(-6))/(-2). Let p be w/(-1 - 3/(-6)). List the prime factors of f(p).
3, 11
Let j be 3/6 - 2/8*2. Suppose q = -5*b + 887, -2*q = -j*q + b - 1765. List the prime factors of q.
2, 3, 7
Let x(v) be the third derivative of 9*v**4/8 + v**3/3 - 13*v**2. Let d be x(10). Let i = d - 141. What are the prime factors of i?
131
Let g be 0 + (3 - 1) + -31. Let m = g + 4. What are the prime factors of (6/(-10))/1*m?
3, 5
Suppose 4*f - 92362 = -5*j - 35665, -4*f = -j + 11325. What are the prime factors of j?
3, 3779
Let q = 19 - -2. Let z(x) = -2*x**3 - 5*x**2 - 10*x - 9. Let h be z(-2). Let o = q - h. What are the prime factors of o?
2, 7
Let u(x) = -46*x**2 + 23*x**2 + 1 + 22*x**2 - 5*x. Let t be u(-4). Suppose -8*c + t*c = -12, 3*m = c + 383. List the prime factors of m.
3, 43
Suppose -43*s = -19*s - 96. Suppose -4*h + 3*l - s*l = -5932, 0 = -h - 3*l + 1483. What are the prime factors of h?
1483
Let g(m) = 2*m**3 + 9*m**2 - 3*m + 12. Let b be g(-5). Suppose 27*v - 83 = -b. What are the prime factors of v?
3
Let c = 642 - 650. Let k(o) = -3*o**3 - 7*o**2 - 15*o - 8. List the prime factors of k(c).
2, 3, 5
Let q be (-1 + 0)/(0 + -1). List the prime factors of 2 + (q + 0)*11.
13
Let n(b) = -b**3 + 20*b**2 - b - 25. Let l be n(20). Let j be ((-2)/2)/((-5)/215). Let h = j - l. List the prime factors of h.
2, 11
Suppose -2*l + 4*g = 16, 0 = -29*g + 31*g - 8. Suppose 5*v = 3*b - 700 - 363, l = 5*b - 4*v - 1750. List the prime factors of b.
2, 173
Let m(d) = -d**3 + 8*d**2 - 7*d + 17. Let z be m(6). Suppose 0 = -z*k + 28*k + 19228. List the prime factors of k.
2, 11, 23
Suppose -467*m + 457*m = -72310. List the prime factors of (-2)/(-23) - (m/(-161) + 0).
3, 5
What are the prime factors of (122 - 126)/((-2)/13964)?
2, 3491
Suppose 5*x + 8 = -7. Suppose 4*k - 594 = 1086. What are the prime factors of k/40 - x/(-2)?
3
Suppose -4 = -2*x, 6*i - 4*i - 2 = 3*x. Suppose -i*m + 2*k = -4834, 25*k = -3*m + 21*k + 3620. List the prime factors of m.
2, 151
Let o(x) be the first derivative of 46*x**3/3 + 8*x**2 - x - 11. What are the prime factors of o(-4)?
11, 61
Suppose -p = -11*u + 6*u + 2757, -4*p = 4*u - 2220. What are the prime factors of u?
2, 3, 23
Suppose -13 = 5*z + 2, -4*f - 46 = 2*z. Let p be (464/f)/(-4) - 4/(-10). Let b = -5 + p. List the prime factors of b.
7
Let s = -10 + 13. Suppose -s*r + 0 = -12. Suppose -f + l + 21 = -0*l, -4*f = r*l - 52. What are the prime factors of f?
17
Suppose 2*i - 16651 = -a, 4*i - 3*a = 1926 + 31381. List the prime factors of i.
2, 23, 181
Suppose -28 = -4*j + c, -8*j + 18 = -3*j + 3*c. Suppose 0 = -9*z + j*z + 942. Suppose -4 = 2*q, 4*n - 7*q + 2*q = z. List the prime factors of n.
2, 19
Let a be (4/12)/((-1)/3)*61. Let z = -41 - a. What are the prime factors of (-3 - (-44)/z)/(2/(-60))?
2, 3
Let x(s) = 188*s**2 - 6*s + 26. List the prime factors of x(-6).
2, 5, 683
Let q(b) = -b**3 + 32*b**2 + 227*b + 46. What are the prime factors of q(35)?
2, 13, 83
List the prime factors of 16/14 + (4 - (-4442116)/196).
22669
List the prime factors of 29482*2/10 + (6/5)/(-3).
2, 11, 67
Let n(w) = 399*w**2 - 4*w + 14. Let x be n(2). Suppose 8*o = 1398 + x. List the prime factors of o.
3, 5
Suppose -45278*a + 45277*a + 39264 = 0. List the prime factors of a.
2, 3, 409
Let f = -19188 + 37063. What are the prime factors of f?
5, 11, 13
Let n(q) = 2287*q**3 - 3*q**2 + q + 1. Let m be n(1). Suppose -m = 29*o - 38*o. List the prime factors of o.
2, 127
Let f = -372 - -409. Suppose -11706 = -f*c + 9865. What are the prime factors of c?
11, 53
Suppose 2*k - 15 = -2*k + j, j = -5*k + 21. Suppose 0 = k*o + 3*q + 28 - 99, 0 = -o - 3*q + 20. What are the prime factors of o?
17
Suppose 0 = j + z - 361, -2*j - 155 = -4*z - 877. Suppose -5*i = -2009 - j. List the prime factors of i.
2, 3, 79
Sup